at are the prime factors of q?
3, 19
What are the prime factors of 1/((2/(-1))/(-314))?
157
Let l = -13 + -18. Let a = -15 - l. Suppose -a = -4*p + 16. List the prime factors of p.
2
Let f = 232 + -96. What are the prime factors of f?
2, 17
Suppose 5 = 2*m + i, 2*i - 4*i = -4*m + 6. List the prime factors of 26/m*(-2 - -3).
13
Suppose 0 = -4*o + 2*f + 48, 5*o + 2*f = f + 60. List the prime factors of o.
2, 3
Let x = 8 + -7. Suppose -x = -2*k + 21. List the prime factors of k.
11
Let i(s) = 31*s + 18. List the prime factors of i(6).
2, 3, 17
What are the prime factors of (-114)/8*88/(-33)?
2, 19
Let j(q) = -q**3 + 3*q**2 + 3*q + 4. Let m be j(4). Suppose 5*t + m*t = 30. List the prime factors of t.
2, 3
Let n = 505 - 254. List the prime factors of n.
251
Let o(j) = -2*j + 1. Suppose -5 = 3*h + 2*h. List the prime factors of o(h).
3
Suppose 3*v - 87 = -4*r, 6*v = 2*v - 12. Suppose r*i - 21*i = 141. What are the prime factors of i?
47
List the prime factors of 2 + 77 + 1 + -3.
7, 11
Suppose w + 20 = 2*w. List the prime factors of w.
2, 5
Suppose -3*g = 2*g + j - 37, -31 = -2*g + 5*j. Suppose 0*x = -2*x + g. List the prime factors of x.
2
Suppose 0 = -5*b - 2*o + 57, -5*o + 3*o = -3*b + 31. Suppose -5*h - b = 2*m, -4*h = 4*m + 3 + 1. What are the prime factors of m?
2
Let z = -283 - -515. What are the prime factors of z?
2, 29
Let x(k) = 3*k**2 + 9*k - 9. What are the prime factors of x(-6)?
3, 5
Let j be -5 + 0 + 0 + -2. Let p = -3 - j. List the prime factors of 45/6*p/6.
5
Suppose 2*n - 181 = -65. Suppose t - n = -3*t - u, u = -5*t + 72. What are the prime factors of t?
2, 7
Let m(z) = -z**2 + 9. Let d(u) = u**3 + 6*u**2 + u + 6. Let p be d(-6). Let t be m(p). List the prime factors of ((-3)/(-1))/(t/24).
2
Let k = 6 + -3. List the prime factors of (k/(-6))/((-2)/48).
2, 3
Suppose 3 = -4*i + 27. Let p = 16 - 11. Suppose -3*a - 9 = i, -2*g = p*a - 3. List the prime factors of g.
2, 7
Suppose 123 + 71 = 2*p. What are the prime factors of p?
97
Suppose 4*o + 234 = -270. List the prime factors of (o/35)/(2/(-5)).
3
Suppose 2*t - 374 = -9*t. What are the prime factors of t?
2, 17
Let l(y) = -y + 11. What are the prime factors of l(8)?
3
Let o be (-24)/(-14) - (-2)/7. Suppose 2*s = 2*w - 28, 2*s + 2 = -o. What are the prime factors of w?
2, 3
Let r(q) = -13*q**2 + 2*q - 7. Let x(u) = -12*u**2 + 3*u - 6. Let y(h) = 2*r(h) - 3*x(h). What are the prime factors of y(2)?
2, 17
Let t(a) = -20*a + 16. List the prime factors of t(-4).
2, 3
Suppose p + 1 - 30 = 0. List the prime factors of p.
29
Suppose -267 = f - 4*f. What are the prime factors of f?
89
Let i(h) = -15*h + 9. Let b(p) = -p - 1. Let j(y) = 4*b(y) + i(y). Let s be j(-5). Suppose 0 = 7*n - 2*n - s. What are the prime factors of n?
2, 5
Let u(y) = 7*y - 8. Suppose -2*q + 4 = -4. What are the prime factors of u(q)?
2, 5
Let b(q) = 5*q - 1. Let m be b(-1). Let n be 14/((m/(-9))/(-1)). List the prime factors of (-2)/(1 + n/15).
5
Let i(t) = -t**2 - 6. Let s(k) = -2*k**2 - 7. Let y(x) = 4*i(x) - 3*s(x). List the prime factors of y(-3).
3, 5
Suppose -3*s + 32 + 44 = -5*k, -4*s + 63 = k. Let x = s + -12. Let i(p) = p**2 - 3*p - 3. What are the prime factors of i(x)?
7
Suppose 28*n - 27*n - 51 = 0. What are the prime factors of n?
3, 17
Let v = 4 + -33. List the prime factors of v/(-3) + 14/(-21).
3
Suppose 0*u = -2*u + 20. What are the prime factors of 20/(-6)*(-36)/u?
2, 3
Suppose -6*j = -0*j. Let q(d) = 4*d**3 - d**2 + 2*d - 1. Let z be q(1). Suppose n = 5*p - z*n - 25, j = -4*p + 3*n + 22. List the prime factors of p.
7
Suppose 5*h + 5 = 20. Suppose -h*r = r - 16. What are the prime factors of r?
2
List the prime factors of 10/3*(-21)/(-2).
5, 7
Let z be 4 - (0 - -2) - 2. Let k be z + (-2 - -3) + 13. List the prime factors of (-30)/(-12)*k/5.
7
Let w = -48 - -95. What are the prime factors of w?
47
Let a be 3 - (-8)/(-4) - 1. Let o be (-2 + (0 - -1))*-3. Suppose -o*y + 30 = -a. List the prime factors of y.
2, 5
Let g = -164 - -234. What are the prime factors of g?
2, 5, 7
Suppose -3*p = -18 - 78. What are the prime factors of p?
2
Let z = -8 - -12. List the prime factors of z.
2
List the prime factors of 301*12/56*4.
2, 3, 43
Let v be 8/(-3)*231/(-44). Suppose b = 14 + v. What are the prime factors of b?
2, 7
Let d = -196 + 374. List the prime factors of d.
2, 89
Suppose 2 = 3*p - 2*p - a, -4*p - 3*a - 20 = 0. Let d be 1*p/(-4)*-2. List the prime factors of (-5)/d - (0 - -1).
2
Suppose q - 5*d - 3 = 0, -2*d - 2*d = 0. Let f = -1 + q. Suppose 5*r - f*r - 12 = 0. What are the prime factors of r?
2
Let t(r) be the third derivative of -r**5/30 + r**4/8 + 2*r**3/3 + 2*r**2. Let g be t(3). Let b = g + 8. List the prime factors of b.
3
Suppose 22 = -4*w - 22. Let q = 8 - w. Let j = q - 9. What are the prime factors of j?
2, 5
Let p = 5 - 0. Suppose -2*z - 19 = -p*z - 4*o, o - 7 = -z. List the prime factors of z.
3
Suppose 5 = -3*z + 125. What are the prime factors of z?
2, 5
Let s(k) = -k**2 + 6*k + 9. Let z be s(8). Let i(y) = -y**3 - 6*y**2 + 5*y + 4. What are the prime factors of i(z)?
2, 3
Suppose -5 = -5*f - 2*i, -3*f + 5 = 2*i + 2. Let s = 5 - f. Suppose 0 = q - 2*q - 4*a + 30, -s*q - 3*a + 68 = 0. What are the prime factors of q?
2, 7
Suppose -28 - 14 = -2*m. List the prime factors of m.
3, 7
Suppose -2*y = 4 - 16. Let p be 1 - (y/(-3) - -1). Suppose -p*w = 2*h - 4, 4*h - 4*w = 24 + 16. What are the prime factors of h?
2, 3
Suppose -2*s - 5*z = -0*s + 19, -32 = -4*s + 4*z. Suppose s*u + 6 - 69 = 0. List the prime factors of u.
3, 7
Let u(y) = -y**3 - 4*y**2 - 3*y. Let f be u(-3). Let n(a) = -a**3 + 6*a**2 + 6. Let c be n(6). Let j = f + c. What are the prime factors of j?
2, 3
Let k = -66 - -117. Suppose -o = 2*o + k. Let s = o + 39. What are the prime factors of s?
2, 11
Let j = 93 + -49. Let c = j + -31. List the prime factors of c.
13
Suppose 3*a = 9*a - 156. What are the prime factors of a?
2, 13
Let y(i) = -3*i**3 - 11*i**2 + 9*i - 9. Let o(z) = -13*z**3 - 45*z**2 + 35*z - 36. Let s(b) = 2*o(b) - 9*y(b). What are the prime factors of s(-10)?
19
Let p be (-1)/(3/(-84)*-1). What are the prime factors of 110/8 - 7/p?
2, 7
Let l be (-6 + 24)*1/2. Suppose 0 = 3*i - l. Suppose -s - 41 = -i*m, -3*m + m + 19 = s. What are the prime factors of m?
2, 3
Let w be 0/2 - (-6)/1. Suppose g - w = -4. Let l = g + 3. What are the prime factors of l?
5
Let n = 4 - 20. Let u = 41 + n. What are the prime factors of u?
5
Let f = -6 + -8. Let x = f + 28. What are the prime factors of x?
2, 7
What are the prime factors of (-1)/4*-459 - 1/(-4)?
5, 23
Let b(y) = y**2 - 2*y + 2. Let x be b(4). Let u = x - 3. List the prime factors of u.
7
Suppose 0 = y - 24 - 154. What are the prime factors of y?
2, 89
Let c(q) = -q**3 + 6*q**2 + q - 2. Let v be c(6). Suppose 0 = v*y + 13 - 49. List the prime factors of y.
3
Let f(x) be the third derivative of -x**6/120 - x**5/12 + x**4/6 - x**3/3 + 3*x**2. What are the prime factors of f(-6)?
2, 5
Suppose 4*i + u = -4, 4*i + 0*u - 3*u = 12. Suppose -4*l + 0*l + 12 = i. Suppose -5*f = 5*o - 50, -l*f + 5*o = -5*f + 20. List the prime factors of f.
2, 5
Let y(q) be the third derivative of q**5/30 - q**4/12 + q**2. Let o be y(2). Suppose -3*b + 2*b + o = 0. List the prime factors of b.
2
Let p(x) = x**2 + 10*x + 4. Let j be p(-10). Let m = 58 - j. Suppose a + 30 = 2*d, -2*d - 7*a + 2*a = -m. List the prime factors of d.
17
Suppose -2*a + 4*a - 18 = 0. What are the prime factors of a?
3
Suppose 0 = 2*a - 5*v - 23, 4*a = -2*v + v + 13. Let s(b) = b**3 - 3*b**2 - b - 4. List the prime factors of s(a).
2
Let u(l) = -l**2 - 6*l + 7. Let f be u(-7). Suppose -4*o + g + 103 = f, -3*g + 0*g = 4*o - 91. List the prime factors of o.
5
Suppose -4*k - 2*a + 70 = -2*k, k = -5*a + 47. List the prime factors of k.
2
Let g(h) = h**2 + 5*h - 14. What are the prime factors of g(8)?
2, 3, 5
Suppose 2*i - 13 = -4*p + 3, 20 = 4*p + 3*i. What are the prime factors of 3/p*(-40)/(-12)?
5
Let u(l) = -l**2 + l + 2. Let v(f) = f**2 - f + 1. Let s(w) = -u(w) + v(w). What are the prime factors of s(2)?
3
Let m = -35 + 82. What are the prime factors of m?
47
Suppose 3*p = -0*p - 30. Suppose 0 = 3*d + 4*r - 38, 2*d - 29 = r - 0*r. Let s = p + d. What are the prime factors of s?
2
Suppose -8 = -q - 5*c, 3*q - c = 4*c -